er when 1730 is divided by 37?
28
What is the remainder when 125009 is divided by 186?
17
Calculate the remainder when 18893 is divided by 524.
29
What is the remainder when 450 is divided by 251?
199
Calculate the remainder when 19753 is divided by 230.
203
Calculate the remainder when 1756 is divided by 1353.
403
Calculate the remainder when 20200 is divided by 5027.
92
Calculate the remainder when 3057 is divided by 146.
137
What is the remainder when 4679530 is divided by 1287?
1285
What is the remainder when 30475 is divided by 5079?
1
Calculate the remainder when 6818 is divided by 2249.
71
Calculate the remainder when 3251 is divided by 255.
191
Calculate the remainder when 87001 is divided by 28987.
40
What is the remainder when 2989 is divided by 1991?
998
What is the remainder when 1859 is divided by 594?
77
What is the remainder when 53664 is divided by 17?
12
Calculate the remainder when 11699 is divided by 132.
83
Calculate the remainder when 74217 is divided by 1484.
17
What is the remainder when 751 is divided by 57?
10
Calculate the remainder when 7451 is divided by 7448.
3
Calculate the remainder when 22294 is divided by 48.
22
Calculate the remainder when 12771 is divided by 751.
4
Calculate the remainder when 28139 is divided by 469.
468
What is the remainder when 31224 is divided by 10378?
90
What is the remainder when 126842 is divided by 183?
23
What is the remainder when 210495 is divided by 56?
47
What is the remainder when 146230 is divided by 750?
730
What is the remainder when 76852 is divided by 845?
802
What is the remainder when 1156172 is divided by 22?
6
What is the remainder when 12741 is divided by 78?
27
What is the remainder when 1386763 is divided by 67?
64
Calculate the remainder when 20970 is divided by 33.
15
Calculate the remainder when 8906172 is divided by 207.
204
What is the remainder when 29967 is divided by 9849?
420
What is the remainder when 61265 is divided by 75?
65
Calculate the remainder when 809495 is divided by 36.
35
What is the remainder when 2552495 is divided by 1297?
1296
What is the remainder when 89197 is divided by 40?
37
What is the remainder when 5514 is divided by 599?
123
Calculate the remainder when 32369 is divided by 32314.
55
What is the remainder when 4916 is divided by 1222?
28
Calculate the remainder when 53070 is divided by 10556.
290
What is the remainder when 3900 is divided by 236?
124
What is the remainder when 1173 is divided by 65?
3
What is the remainder when 211137 is divided by 36?
33
Calculate the remainder when 7063 is divided by 5.
3
Calculate the remainder when 315773 is divided by 204.
185
Calculate the remainder when 46193 is divided by 23094.
5
What is the remainder when 823 is divided by 402?
19
What is the remainder when 18849 is divided by 3675?
474
Calculate the remainder when 569 is divided by 128.
57
What is the remainder when 64634 is divided by 15?
14
Calculate the remainder when 12156 is divided by 38.
34
Calculate the remainder when 838 is divided by 16.
6
What is the remainder when 475 is divided by 465?
10
What is the remainder when 10093 is divided by 37?
29
Calculate the remainder when 7788 is divided by 52.
40
What is the remainder when 21529 is divided by 337?
298
Calculate the remainder when 220755 is divided by 981.
30
Calculate the remainder when 283 is divided by 280.
3
Calculate the remainder when 47006 is divided by 635.
16
What is the remainder when 6858 is divided by 3429?
0
What is the remainder when 125227 is divided by 41710?
97
What is the remainder when 1975 is divided by 140?
15
What is the remainder when 792 is divided by 249?
45
Calculate the remainder when 2819 is divided by 108.
11
What is the remainder when 1732 is divided by 68?
32
What is the remainder when 1524 is divided by 1?
0
What is the remainder when 15939 is divided by 2770?
2089
What is the remainder when 296969 is divided by 552?
545
Calculate the remainder when 23129 is divided by 45.
44
What is the remainder when 93914 is divided by 46929?
56
Calculate the remainder when 36858 is divided by 38.
36
What is the remainder when 5512 is divided by 787?
3
What is the remainder when 661 is divided by 133?
129
What is the remainder when 1368 is divided by 274?
272
What is the remainder when 92982 is divided by 788?
786
Calculate the remainder when 2577376 is divided by 30.
16
Calculate the remainder when 190651 is divided by 118.
81
What is the remainder when 7428 is divided by 72?
12
What is the remainder when 11006 is divided by 992?
94
Calculate the remainder when 2383 is divided by 2358.
25
What is the remainder when 21519 is divided by 109?
46
Calculate the remainder when 2939142 is divided by 22.
8
What is the remainder when 6946 is divided by 772?
770
What is the remainder when 142735 is divided by 1170?
1165
What is the remainder when 108527 is divided by 36173?
8
What is the remainder when 12203 is divided by 22?
15
Calculate the remainder when 2442 is divided by 1732.
710
What is the remainder when 148257 is divided by 401?
288
What is the remainder when 897 is divided by 17?
13
Calculate the remainder when 4228942 is divided by 19.
17
Calculate the remainder when 444164 is divided by 398.
394
What is the remainder when 826086 is divided by 380?
346
Calculate the remainder when 3791 is divided by 991.
818
Calculate the remainder when 2956 is divided by 1.
0
What is the remainder when 180484 is divided by 2911?
2
What is the remainder when 70871 is divided by 379?
377
What is the remainder when 25211 is divided by 12335?
541
Calculate the remainder when 10773 is divided by 2124.
153
What is the remainder when 29922 is divided by 534?
18
Calculate the remainder when 38235 is divided by 67.
45
What is the remainder when 3319 is divided by 42?
1
Calculate the remainder when 2686 is divided by 248.
206
What is the remainder when 3118 is divided by 111?
10
What is the remainder when 665426 is divided by 541?
537
What is the remainder when 2257 is divided by 752?
1
What is the remainder when 1547 is divided by 259?
252
What is the remainder when 18548 is divided by 462?
68
Calculate the remainder when 2587 is divided by 1995.
592
Calculate the remainder when 341756 is divided by 16.
12
Calculate the remainder when 24466 is divided by 31.
7
Calculate the remainder when 1196024 is divided by 18.
14
What is the remainder when 347618 is divided by 33?
29
Calculate the remainder when 79118 is divided by 26369.
11
Calculate the remainder when 10984 is divided by 2158.
194
Calculate the remainder when 122099 is divided by 222.
221
Calculate the remainder when 194302 is divided by 368.
366
Calculate the remainder when 8714 is divided by 2827.
233
What is the remainder when 3658 is divided by 513?
67
Calculate the remainder when 404047 is divided by 434.
427
Calculate the remainder when 222620 is divided by 138.
26
What is the remainder when 6225 is divided by 521?
494
What is the remainder when 1872114 is divided by 117?
114
What is the remainder when 24605 is divided by 16?
13
Calculate the remainder when 147374 is divided by 14.
10
Calculate the remainder when 323480 is divided by 6.
2
What is the remainder when 24418 is divided by 12206?
6
What is the remainder when 827 is divided by 389?
49
What is the remainder when 10832 is divided by 30?
2
What is the remainder when 205332 is divided by 107?
106
Calculate the remainder when 1523 is divided by 169.
2
What is the remainder when 22219 is divided by 7404?
7
Calculate the remainder when 622 is divided by 310.
2
Calculate the remainder when 455716 is divided by 4747.
4
Calculate the remainder when 859 is divided by 420.
19
Calculate the remainder when 100329 is divided by 50138.
53
Calculate the remainder when 15299 is divided by 437.
4
Calculate the remainder when 7904 is divided by 2360.
824
Calculate the remainder when 151466 is divided by 74.
62
What is the remainder when 4977 is divided by 105?
42
What is the remainder when 4792554 is divided by 23?
21
What is the remainder when 4580 is divided by 127?
8
What is the remainder when 2705436 is divided by 957?
954
Calculate the remainder when 274318 is divided by 16.
14
Calculate the remainder when 245498 is divided by 11.
0
Calculate the remainder when 2773 is